
False
Is (-875265)/(-5) + 450/(-45) a prime number?
False
Let f(h) = 271*h**2 + 100*h + 2407. Is f(-24) prime?
False
Let q(r) = 1894*r**3 - 5*r**2 + 16*r - 39. Is q(4) a prime number?
False
Let d be (-6)/((24/(-76996))/3). Let p be d/15 + 2/10. Let f = p - 2139. Is f prime?
False
Suppose 10*i + 2 = 22. Suppose i*f + f = 3651. Is f prime?
True
Let j = 41 + -40. Is j/(-5) - 182768/(-40) a prime number?
False
Let h = 36893 + 27098. Is h a prime number?
False
Suppose -27*g + 57*g - 15615135 = 15*g. Is g a composite number?
True
Let g(i) = 141*i**2 + 67*i - 125. Is g(22) prime?
True
Let j(d) = 22671*d + 9. Let y be j(2). Suppose 30*r - 39*r = -y. Is r a prime number?
True
Suppose k + 65 = 4*k + i, 4*i = -2*k + 40. Suppose k = x - 4*v, 4*v = -5*x + 2*v + 22. Let u(t) = 11*t**3 - 6*t**2 + 8*t + 5. Is u(x) a prime number?
True
Let x(z) be the third derivative of 2579*z**7/5040 - z**5/20 - 18*z**2. Let p(u) be the third derivative of x(u). Is p(1) composite?
False
Let a(f) = -2329*f**2 - 15*f + 43. Let o be a(7). Is o/36*16/(-6) a prime number?
False
Suppose 3204058 = 60*d - 6847128 - 3409634. Is d a prime number?
False
Suppose 2*d - 10 = 0, 0*d = 3*f - 2*d - 2420. Suppose -7*l + 9 + f = 0. Suppose 406 = q + l. Is q composite?
True
Let f(q) = -q**3 - 26*q**2 - 10*q + 10. Let t be f(-28). Is (t/(-4))/(12/(-8) + 1) composite?
False
Suppose -2*q + q = k, -4*q + 5*k + 18 = 0. Suppose q*u + 8947 = l, l - 11474 = 3*u - 2523. Is l a prime number?
False
Let f(t) = 878*t**2 + 27*t - 217. Is f(10) prime?
True
Let r = 290207 - 175210. Is r prime?
True
Is 6012981/57 - 426/(-4047) composite?
False
Let g = 49 + -14. Let p = -35 + g. Suppose p = -0*n - 4*n + 476. Is n composite?
True
Suppose -2*y - 11 = y + 5*s, -4*y = 5*s + 8. Suppose -5896 = -4*h - 5*q, -y*q + 1465 = h - 4*q. Is h composite?
True
Suppose 470428 = -32*c + 33*c + 3*y, 2*y = -10. Is c a prime number?
True
Suppose 0 = 5*z - z + 224. Let d = 28 + z. Let l = d - -61. Is l a composite number?
True
Let p = -46926 + 80023. Is p composite?
True
Let q = 186716 + -99865. Is q a prime number?
True
Suppose 0*m + 5*m = 3305108 + 3488787. Is m a composite number?
False
Suppose -2*c + 3948 = 2*d, 5*d + 7866 = 4*c + 3*d. Suppose f + 5*z - c = 0, -z + 4*z + 9761 = 5*f. Suppose f = -5*w + 6519. Is w prime?
False
Let g(i) = -11*i**2 - 95*i - 48. Let f be g(-21). Let c = 6721 + f. Is c a composite number?
True
Let c(q) = -q**2 + 15*q - 56. Let s be c(18). Let k = 125 + s. Suppose 5*t = -k, 0 = 2*h - 3*h + 4*t + 3619. Is h prime?
True
Let s = 115764 + -56515. Is s a composite number?
True
Let x(m) = -6973*m + 2115. Is x(-26) a composite number?
True
Let j be (-3 + (-1 - -6)*1)/2. Is (j + 6 - 1194)*(0 + -1) prime?
True
Is -3 + ((-646896)/(-15) - 2 - -2)*5 prime?
False
Suppose 0*f - 4*j = -f + 28, -3*f + 3*j + 102 = 0. Suppose f + 6 = 7*g. Is 189 + g*4/12 composite?
False
Is 988425/50 - 10/(-4) prime?
False
Suppose -5*x = -2*y + 45, 0*y - 18 = 2*x + 3*y. Let k be 2/(-7 - -9)*-1. Is 4/(-6) - (-1203)/x*k composite?
True
Let n = -419476 - -611803. Is n a prime number?
False
Suppose 1295755 + 7048067 = 174*z. Is z a composite number?
True
Suppose -204590 = -79*t - 8749. Is t a composite number?
True
Let i be (-5 + 764/8)*2. Suppose u + i = 2016. Is u prime?
False
Suppose 45*o - 4*m = 43*o + 61538, -123048 = -4*o + 4*m. Is o a composite number?
True
Suppose -150 = -36*g + 102. Let i(y) = 121*y**2 - 5*y + 29. Is i(g) prime?
True
Let o = 2 - 0. Is o/(2/(-18) - (-4585)/40455) prime?
False
Let l be (-4)/22 - (-4)/22. Let r be 8 + 14063 + -4 - -8. Suppose -5*d + r = -l*d. Is d a composite number?
True
Suppose 2*t + y + 9 = -4*y, 0 = -5*y - 15. Let l be 93/t + -1 + 1. Let z = l + -18. Is z a composite number?
False
Let n(u) = -u**2 + 15*u. Let v be n(15). Suppose 8*y - 5*y + 663 = v. Let j = y - -472. Is j a prime number?
True
Let v(c) = 477836*c + 933. Is v(4) composite?
False
Is 27829 + ((-4)/9 - (3675/(-189) - -17)) prime?
False
Let c be -4*14/(-21)*(-138)/4. Let y = -92 - c. Suppose -5*k - 420 + 4345 = y. Is k composite?
True
Let p(f) = -66*f - 172. Let v be p(36). Let b = v - -4767. Is b a prime number?
False
Let z(n) = 15*n**2 - 738*n + 9454. Is z(13) prime?
False
Let t(l) = 5*l + 24 - 9*l - 4*l**3 + 1 + 16*l - 16*l**3. Is t(-2) composite?
True
Suppose 9*n = 12*n - 168. Let a = n - 58. Is (-12)/(-20) - (3126/(-15) + a) a prime number?
True
Let i be (-94762)/(-4) + (-48)/(-96). Let j = -7330 + i. Is j a prime number?
True
Suppose -344*q + 105*q - 24660501 = -142856756. Is q a prime number?
False
Suppose 110*u - 68*u = 54*u - 2441004. Is u a composite number?
False
Let i be (3 + 0)*6/9. Let y(c) = -9 + 2*c**3 + 0*c**i + 2*c**2 - 8*c**2 + 8*c. Is y(4) composite?
True
Suppose -f + 10921 = p, -2*f + 4*p + 21857 = 9*p. Suppose -18190 = -5*m - 3*a - 2*a, 3*m - f = -5*a. Is m a prime number?
True
Let x(c) = -169*c**2 - 2*c + 5. Let b be x(-7). Is (b/(-4) + 1)/((-70)/(-280)) prime?
False
Suppose 2*i - 783 - 447 = 0. Let x(f) = -2*f + 1165. Let l be x(0). Suppose -i - l = -4*a. Is a a composite number?
True
Suppose 30759 = 13*l - 21358. Suppose 9*r = l - 1372. Is r composite?
False
Suppose -88*u - 3996259 = -18215616 - 14616923. Is u composite?
True
Let o = -263813 - -454792. Is o composite?
False
Suppose 22 = 5*p + 3*b - 7*b, 2*b - 16 = -2*p. Is 12249/(-12)*(-16)/p a composite number?
True
Is -642777*7/126*-6 a composite number?
False
Suppose 22*z - 26*z - 460687 = -3*i, -3*z = -i + 153569. Is i composite?
False
Suppose 0 = 3*b + 2*y - 4, 3*b + 5*y = -7 - 1. Suppose b*u = -u + 4*q + 39469, -2*u = -2*q - 15786. Is u composite?
True
Let n(q) = 4*q**2 + 15*q + 5. Let j be n(-4). Suppose -5*c + 15 = -2*x, 4*x - 3*c + 4 = j. Suppose 5*i = m + m + 7089, 0 = -5*i - x*m + 7075. Is i prime?
False
Is -14*((-65)/(-91))/(-5) - (-90718)/2 a prime number?
True
Let f be 2*4/(-24)*-9. Let r be (-18)/4*(-2)/f. Suppose 0 = -2*g - r*g + 3235. Is g composite?
False
Is (-91)/(-273)*3*5077 a composite number?
False
Suppose 33*m = 25*m - 136. Let p = 18 + m. Is (p + -878)/(-1 - 0) a prime number?
True
Suppose 6*r = r + 825. Let c = -60 + 22. Let y = c + r. Is y a composite number?
False
Is (-6528616)/(-40)*(37 + -32) a prime number?
True
Let m(i) = 65465*i**2 - 6*i - 73. Is m(-4) prime?
True
Suppose 3*v = -13*g + 10*g - 80955, -4*g - 107905 = -3*v. Let p = -14319 - g. Is p a composite number?
True
Let y(i) = -i**2 + 3*i + 5. Let n be y(4). Suppose -5*c - 8 = -2*r + 5, -5*c - r = n. Is (-670)/(-8)*-4*(-2 - c) composite?
True
Suppose 0 = -2*u + 9*x + 19309 + 65050, 5*u + 3*x = 210974. Is u prime?
True
Let p(v) = -5*v**3 - 8*v - 97. Let x(o) = -2*o**3 - 57*o**2 - 22*o + 156. Let r be x(-28). Is p(r) a prime number?
False
Let u(c) = -c**3 - 3*c**2 + 9*c + 25. Let d be u(-4). Suppose 0 = 2*r - d*w - 16573, 7*r - 4*w = 3*r + 33128. Is r a composite number?
True
Let t be ((-32)/(-20))/(46/124775). Is t + 10 - (-5 + 4) prime?
False
Let w(q) = 1484*q**3 - 2*q**2 + 1. Let c be w(1). Let o = -7511 - -7516. Suppose -c = -5*i + 3*p, 2*p = -o*i - 3*p + 1515. Is i a composite number?
True
Suppose q - 90 = -3*b + 4*q, 3*q - 22 = -b. Suppose 0 = 3*r - 10*r + b. Suppose -z + 6985 = r*z. Is z prime?
False
Let z = -46991 + 87268. Is z a prime number?
True
Suppose 8 = -3*v - h, 2*v - 3*h - 4 = v. Is 89691/(-105)*10/v + -2 a composite number?
True
Let h(f) = 1565*f + 1704. Is h(19) a composite number?
True
Suppose -4 - 5 = -4*a - y, 0 = y - 1. Let r be 13 - 13 - (96 - a). Let u = r - -516. Is u a composite number?
True
Suppose 14*h + 5480 = 19*h. Let f = h + 885. Is f composite?
True
Let k(t) = -193*t. Let a(b) = -2*b + 50. Let f be a(26). Let v be k(f). Let n = v - 93. Is n a prime number?
True
Suppose 1821161 = 57*z + 667635 - 487447. Is z a prime number?
True
Let j(p) = 7*p**2 - 72*p - 214. Is j(-63) composite?
True
Let u = 134 + -134. Suppose u = 8*d - 6500 - 27652. Is d prime?
False
Let h(f) = f**3 + 11*f**2 + 2. Let d(y) = y**2 - 14*y - 11. Let b be d(14). Let q be h(b). Is (5219/34)/(1/q) a prime number?
True
Let p(j) = -55*j + 187. Let h(l) = -l - 4. Let i(c) = -2*h(c) + p(c). Is i(-16) prime?
False
Let b(o) be the third derivative of -21*o**5/20 + o**4/6 - 4*o**3/3 - 32*o**2. Let q(f) = -64*f**2 + 5*f - 9. Let v(d) = -7*b(d) + 6*q(d). Is v(-1) composite?
True
Suppos